24. Calculate the highest common factor of j and n.
10
Let p(z) = -z**3 + 4*z**2 - 3*z. Let v be p(2). Suppose v*q - 716 = -2*q. Let f = -102 + q. What is the highest common divisor of f and 11?
11
Let t = 118 + -64. What is the highest common factor of t and 6?
6
Let p = 189 + -101. Suppose 7*h - 12*h = -5. Suppose 0 = -s + 9 - h. What is the highest common factor of p and s?
8
Let y(h) = -5*h - 2*h**2 + 7 + 3*h**2 - 3. Suppose 0 = -10*v + 8*v + 16. Let i be y(v). What is the greatest common divisor of i and 42?
14
Let p = 22 - 17. Suppose -p*q + 220 = -q. Calculate the greatest common factor of q and 22.
11
Suppose -5*m = -0*m + 5, 2*l - m - 85 = 0. Suppose -32 + 0 = -2*o - w, 4*w - 44 = -2*o. What is the greatest common divisor of l and o?
14
Suppose -15 = 3*t, 2*r + r + t + 68 = 0. Let h = -20 - r. What is the highest common divisor of h and 11?
1
Let z = -10 + 12. What is the greatest common divisor of 3 and z?
1
Let m = -2 + 134. Suppose 0*z + 4*z - 8 = 0. Suppose o - m = -z*o. What is the highest common factor of o and 11?
11
Let l be (-10 + 2*-1)*-2. Suppose -6*z = 28 - 124. What is the highest common factor of l and z?
8
Let o(n) = n**2 + 15*n - 36. Let d be o(-19). Calculate the greatest common factor of 8 and d.
8
Suppose -6*t = -t - 300. What is the highest common factor of 15 and t?
15
Let t = 28 - 16. Calculate the greatest common divisor of t and 3.
3
Let u be (-5637)/(-33) - 8/(-44). What is the greatest common factor of 19 and u?
19
Let j(b) = 2*b**2 + 2*b - 1. Let d be j(1). Suppose -98 = y - d*y. Let o = 67 - 60. Calculate the highest common factor of y and o.
7
Suppose 3*h + 60 = 8*h. Suppose 3*k + 48 = -2*n + 304, -4*n + 8 = 0. Calculate the highest common divisor of k and h.
12
Let q = 2 + 17. Suppose 1 = 4*j - q. Calculate the highest common factor of j and 2.
1
Let b be 2 - (3/(-1) - 0). Calculate the greatest common divisor of b and 45.
5
Suppose 4*u = 23 - 3. Calculate the greatest common divisor of 5 and u.
5
Suppose 0 = b + 4*p - 6, 0 = 3*p - 5*p + 4. Let a be 21/b*(-6)/9. Calculate the greatest common divisor of 56 and a.
7
Let o = 65 - 46. Let w = 381 - 210. Suppose 0*g - w = -3*g. Calculate the highest common factor of g and o.
19
Let c(j) = j**3 + 11*j**2 - 13*j + 14. Let u be c(-12). Calculate the greatest common divisor of 234 and u.
26
Let m = 60 + -43. Suppose -o + m = -13. What is the highest common factor of o and 20?
10
Let k(h) = -h**3 - 5*h**2 - h + 7. Let b be k(-5). Let f = b + -7. Calculate the greatest common factor of 5 and f.
5
Suppose -3 = -3*u - 0, k - 3*u = 15. What is the highest common divisor of 12 and k?
6
Let u(m) = -m**2 + 5*m - 3. Let g be u(5). Let d be 102/8 - g/(-4). Suppose -3*r = d - 30. What is the greatest common divisor of 18 and r?
6
Let a be (-3)/(-1) + 0/4. Let w be -2*(6/(-4) + -2). Suppose -t = -w - 5. What is the greatest common divisor of t and a?
3
Let x = 107 - 152. Let j(a) = -3*a**2 - 2*a - 5. Let p be j(6). Let d = x - p. Calculate the greatest common divisor of d and 32.
16
Let c(x) = -x**3 - 3*x**2 + 6*x - 6. Let s(q) = q - 1. Let t be s(-4). Let n be c(t). Suppose d - 40 = 16. What is the highest common factor of n and d?
14
Let w be 3/((-21)/2) - 233/(-7). Calculate the greatest common factor of 3 and w.
3
Let r = 2 + 0. Let s = 3 - r. Suppose 21*i - 18*i = 6. What is the greatest common factor of i and s?
1
Let k be 6/(-21) + (-176)/(-28). Suppose -k = -4*x + 3*i + 8, -5*x = 5*i. What is the greatest common divisor of 10 and x?
2
Let x = -2 - -2. Suppose 0 = 2*o - 4 - x. Suppose 4*k - 2*i = 50, -5*i - o = 13. What is the greatest common divisor of k and 33?
11
Let s be 39/6*4/2. Suppose -3*k = 6*k - 819. Calculate the highest common divisor of s and k.
13
Let z be 1/(-2)*(-5 + 1). Suppose 0 = -v + z*l + 25, 4*v + 0 = -5*l + 165. What is the greatest common factor of 5 and v?
5
Let i(s) = -3*s - 18. Let h be 3 + (3 + 3)/2. Let y be 0/(-2) + (-72)/h. Let z be i(y). Calculate the highest common factor of 6 and z.
6
Suppose 4*x - a = 175 + 82, 5*x - 295 = -4*a. Calculate the highest common factor of 7 and x.
7
Let d = 186 + 86. Suppose -2*f = 2*g - d, -272 = -2*g - f + 5*f. What is the greatest common divisor of 17 and g?
17
Let b = 45 + -11. Suppose 46 = s - b. Let d be 6/(-4)*384/(-36). What is the highest common factor of s and d?
16
Let c be 206/4 + (-3)/(-6). Let f(x) = x**2 + x + 7. Let p be f(-3). Calculate the greatest common divisor of p and c.
13
Let z be ((-20)/(-6))/((-4)/(-30)). Let s = 198 - 48. What is the highest common divisor of s and z?
25
Suppose -6*u - 6 = -f - 4*u, 5*f - 16 = 3*u. Let c be (1 - -3)/f*8. Calculate the highest common factor of 144 and c.
16
Let x be (6 - -6)/((-3)/(-2)). Calculate the highest common divisor of 40 and x.
8
Let y = 293 - 209. Let q = 114 + -58. Calculate the highest common factor of y and q.
28
Let b = -1 - 2. Let c be 46 + (1 + 2)/b. Suppose -6*y + c = -y. What is the highest common factor of y and 27?
9
Let b(f) = f**3 - 6*f**2 + 3*f - 9. Let p be b(6). Let r(k) = -13*k - 5. Let l be r(-8). Calculate the highest common factor of p and l.
9
Let n be 3408/18 + (-8)/(-12). What is the greatest common factor of 10 and n?
10
Let g(y) = -29*y**3 - y**2 - y. Let v be g(-1). Let u = 43 - v. Calculate the greatest common factor of u and 21.
7
Let q(c) = -5*c + 24. Let m be q(-12). What is the highest common divisor of m and 12?
12
Let k(b) = -2*b - 5. Let n = 11 + -16. Let p be k(n). Suppose -p*z - 47 = -2*x, 4*x + 5*z = z + 80. What is the highest common divisor of x and 7?
7
Let r be (-2)/5*(-1750)/7. Let q = -9 + r. Calculate the greatest common factor of 13 and q.
13
Suppose 4*g + 39 - 139 = 0. Calculate the highest common divisor of g and 10.
5
Let t be (1/2)/((-6)/(-36)). Suppose -t*s = -s - 4. Suppose -2*p + 2*g - g = -35, 88 = 5*p - s*g. What is the highest common factor of p and 2?
2
Let n = 8 - 9. Let b(y) = 6*y**2 - y - 1. Let t be b(n). What is the highest common factor of 2 and t?
2
Suppose -3*r + 141 = 3*w, -5*w - 80 = -r - r. What is the greatest common factor of r and 15?
15
Let o = -1 - 1. Let b be (-66)/(-4)*-5*o. Suppose 5*u - 135 = -4*g, 4*g = -u + 2*u + b. Calculate the highest common divisor of 4 and g.
4
Let i(l) = -l + 1. Let g be i(4). Let c be (7 - 1)/g*-3. Let u be 18/4*(-40)/(-6). What is the highest common factor of u and c?
6
Let q(g) = -g**3 + 12*g**2 + 3*g. Let z be q(12). Let y be (5 - -1)/((-3)/(-24)). Let h = -30 + y. Calculate the greatest common factor of z and h.
18
Suppose -3*n + 11 = 4*z, 3*z + 2*n + 26 = 7*z. What is the highest common divisor of 25 and z?
5
Let m = -62 - -70. What is the greatest common divisor of m and 16?
8
Let h = 1 + -4. Let z be 3/(h + 108/33). Let y = -173 + 261. What is the highest common factor of y and z?
11
Suppose -3*g - 40 = 68. Let r = -6 - g. Let p = -659 - -669. Calculate the greatest common divisor of r and p.
10
Let m = -98 - -91. Suppose 18 = 3*v - v. Let c = m + v. What is the greatest common factor of 4 and c?
2
Let i = 72 + -49. Calculate the highest common divisor of 230 and i.
23
Let z(i) = -i**2 - 6*i + 5. Let n be z(-6). Suppose n*b - 13 = 12. Let c be ((-4)/(-5))/((-4)/(-10)). What is the greatest common factor of c and b?
1
Suppose -14 = -i + 2*l - 4*l, -i - l = -13. Calculate the highest common divisor of i and 84.
12
Suppose -2*j = 3*j - 235. Suppose 0 = -3*a + j - 2. What is the greatest common divisor of a and 6?
3
Let c(d) = 3*d - 1. Let i = 3 + -1. Let n be c(i). Suppose 4*w = -j - w + 92, 0 = 5*j - n*w - 340. What is the greatest common divisor of 8 and j?
8
Suppose y = -i - 0*i, 2*y = 4*i - 24. Let v = i + 11. Calculate the highest common factor of 15 and v.
15
Suppose 0 = 2*p + 5*s + 15, -3*s = 4*p + 8 + 1. Let q be (p + 1)*13 - 2. Calculate the highest common factor of q and 11.
11
Let l(c) = -c**3 + 8*c**2 - c + 15. Let i be l(8). Let y(u) = -3*u**3 + 2*u**2 - 3*u - 3. Let n be y(-2). What is the greatest common divisor of i and n?
7
Suppose 4*n = -2*h + 202, 58 = n - 0*h - 2*h. Calculate the highest common factor of 13 and n.
13
Let j(a) = a**2 - 2*a + 2. Let i be j(4). Suppose 4*q - 30 = -i. What is the greatest common factor of q and 15?
5
Let p be ((-16)/(-10))/((-2)/(-120)). What is the greatest common divisor of p an